test common divisor of 45528 and 252.
84
Calculate the highest common divisor of 540 and 80.
20
Calculate the highest common factor of 155 and 60.
5
Calculate the highest common divisor of 444502 and 436.
218
What is the highest common factor of 24 and 512?
8
Calculate the highest common divisor of 354 and 116643.
177
What is the highest common factor of 176 and 107888?
176
Calculate the greatest common factor of 66 and 142560.
66
Calculate the greatest common factor of 633 and 59924.
211
Calculate the greatest common divisor of 25930 and 40.
10
Calculate the greatest common factor of 760 and 3561664.
152
Calculate the highest common factor of 2494 and 201326.
86
What is the highest common factor of 10206 and 4046?
14
What is the greatest common factor of 4332 and 198?
6
Calculate the highest common divisor of 1870691 and 445.
89
Calculate the greatest common factor of 57 and 324273.
57
What is the highest common factor of 40664 and 69?
23
What is the highest common divisor of 638 and 3608?
22
Calculate the greatest common factor of 220 and 340.
20
Calculate the greatest common factor of 30 and 59.
1
What is the greatest common divisor of 26730 and 44?
22
What is the highest common factor of 138034 and 52?
26
Calculate the greatest common divisor of 14190 and 480.
30
What is the greatest common factor of 76221 and 189?
27
Calculate the greatest common divisor of 4636 and 998692.
244
Calculate the greatest common divisor of 2034553 and 29.
29
What is the greatest common factor of 234009 and 45?
9
Calculate the highest common factor of 124430 and 7590.
230
Calculate the greatest common factor of 26623 and 316.
79
What is the highest common factor of 1786 and 27664?
38
Calculate the highest common divisor of 1047760 and 980.
140
What is the greatest common factor of 1124 and 332142?
562
Calculate the greatest common factor of 68 and 35683.
17
Calculate the greatest common factor of 31052 and 448.
28
What is the greatest common factor of 1115 and 240?
5
Calculate the highest common divisor of 128444 and 12388.
652
What is the greatest common factor of 20 and 982680?
20
What is the highest common factor of 105 and 988071?
21
What is the highest common factor of 6 and 151356?
6
Calculate the highest common divisor of 133 and 511.
7
Calculate the greatest common factor of 4254 and 3792.
6
Calculate the highest common divisor of 1932 and 87423.
483
What is the highest common factor of 27748 and 28?
28
What is the greatest common divisor of 406 and 588?
14
Calculate the highest common divisor of 91435 and 25.
5
Calculate the greatest common divisor of 3 and 93999.
3
What is the greatest common divisor of 42 and 13594?
14
Calculate the greatest common divisor of 5877 and 135.
9
Calculate the greatest common factor of 1050944 and 64.
64
Calculate the highest common factor of 141064 and 56.
56
Calculate the highest common factor of 65540 and 2900.
580
What is the greatest common divisor of 39 and 3029?
13
What is the greatest common factor of 19747 and 103292?
1519
Calculate the greatest common factor of 1337 and 135419.
191
What is the greatest common divisor of 448 and 10688?
64
What is the highest common divisor of 15872 and 3844?
124
Calculate the greatest common factor of 133 and 43421.
7
What is the highest common divisor of 5913 and 65529?
81
Calculate the highest common factor of 28288 and 1408.
128
Calculate the highest common divisor of 206460 and 36.
36
What is the greatest common factor of 2030 and 245050?
290
Calculate the greatest common divisor of 74 and 2387425.
37
What is the greatest common divisor of 3428 and 244?
4
Calculate the highest common divisor of 22 and 13893.
11
What is the greatest common divisor of 2361161 and 44?
11
What is the greatest common factor of 73 and 20659?
73
What is the greatest common divisor of 11970 and 3528?
126
What is the highest common divisor of 98455 and 1435?
35
Calculate the greatest common divisor of 203839 and 893.
47
What is the greatest common factor of 581 and 5236553?
581
Calculate the greatest common factor of 364 and 86892.
52
What is the highest common divisor of 102109 and 29?
29
What is the greatest common divisor of 90 and 1609488?
18
Calculate the highest common divisor of 22545 and 5511.
501
What is the highest common divisor of 42904 and 1736?
248
Calculate the highest common divisor of 1318 and 794.
2
What is the highest common factor of 225 and 151425?
225
What is the highest common factor of 434 and 24986?
62
Calculate the highest common divisor of 448476 and 798.
798
What is the highest common factor of 2244 and 4352?
68
What is the highest common factor of 239 and 137903?
239
Calculate the greatest common divisor of 546878 and 9756.
542
Calculate the greatest common divisor of 1936 and 199166.
242
What is the highest common divisor of 318 and 92061?
159
What is the greatest common factor of 7 and 1983?
1
Calculate the highest common factor of 155 and 37200.
155
What is the highest common divisor of 63660 and 60?
60
Calculate the highest common factor of 825 and 6369.
33
What is the greatest common divisor of 115 and 3985?
5
Calculate the highest common factor of 2485 and 56161.
497
What is the greatest common factor of 39916 and 102?
34
Calculate the greatest common factor of 6935760 and 30.
30
What is the highest common factor of 81762 and 6?
6
What is the greatest common divisor of 160394 and 33046?
806
What is the greatest common divisor of 300 and 1848?
12
What is the greatest common factor of 31263 and 51?
51
What is the greatest common divisor of 5088 and 363368?
424
Calculate the highest common factor of 5 and 31245.
5
Calculate the highest common factor of 85 and 1164840.
85
Calculate the highest common divisor of 131 and 147899.
131
What is the greatest common divisor of 2691 and 18423?
207
What is the greatest common divisor of 16 and 5272?
8
What is the greatest common divisor of 456 and 3336?
24
What is the greatest common divisor of 7398850 and 50?
50
Calculate the greatest common divisor of 75573 and 729.
243
Calculate the greatest common factor of 126 and 239988.
42
What is the greatest common divisor of 1133210 and 460?
230
Calculate the highest common divisor of 657 and 576.
9
What is the greatest common factor of 351 and 505791?
351
What is the greatest common factor of 7221 and 5829?
87
What is the greatest common factor of 191608 and 40?
8
Calculate the highest common factor of 15532 and 220.
44
What is the greatest common factor of 190290 and 615?
15
Calculate the highest common divisor of 206680 and 80.
40
What is the highest common factor of 1482 and 858?
78
What is the greatest common divisor of 158978 and 348?
58
What is the highest common factor of 6699 and 20937?
21
Calculate the highest common factor of 28481 and 361.
19
Calculate the greatest common divisor of 1507168 and 1664.
416
Calculate the greatest common factor of 11872 and 672.
224
Calculate the highest common factor of 325831 and 77.
11
Calculate the greatest common divisor of 230 and 25024.
46
What is the greatest common divisor of 10 and 72365?
5
Calculate the highest common divisor of 1150 and 1748.
46
What is the highest common factor of 9186 and 138?
6
What is the greatest common factor of 105381 and 2187?
81
What is the highest common factor of 21255 and 1305?
15
What is the greatest common factor of 2743368 and 6040?
1208
Calculate the highest common divisor of 5185948 and 368.
92
Calculate the highest common factor of 68 and 164356.
68
What is the highest common divisor of 1860 and 55614?
186
Calculate the highest common divisor of 1426 and 799242.
62
Calculate the highest common factor of 81 and 122013.
27
What is the highest common divisor of 5010 and 1390?
10
What is the highest common factor of 60996 and 119?
17
What is the highest common divisor of 29940 and 108?
12
Calculate the highest common divisor of 241309 and 2041.
157
Calculate the greatest common factor of 847 and 283360.
77
What is the highest common divisor of 10095 and 6?
3
What is the highest common factor of 266706 and 8514?
198
Calculate the highest common divisor of 118 and 176469.
59
Calculate the highest common factor of 1833 and 188.
47
What is the highest common divisor of 160 and 21370?
10
What is the grea